{"id":1501,"date":"2017-07-27T08:50:12","date_gmt":"2017-07-27T06:50:12","guid":{"rendered":"https:\/\/datawiz.zpid.de\/?page_id=1501"},"modified":"2018-07-19T11:31:30","modified_gmt":"2018-07-19T09:31:30","slug":"best-practice-guide-zu-den-dfg-leitlinien-zum-umgang-mit-forschungsdaten-german","status":"publish","type":"page","link":"https:\/\/datawizkb.leibniz-psychology.org\/index.php\/tools-and-resources\/best-practice-guide-zu-den-dfg-leitlinien-zum-umgang-mit-forschungsdaten-german\/","title":{"rendered":"\u201cBest Practice Guide\u201d zu den DFG-Leitlinien zum Umgang mit Forschungsdaten (German)"},"content":{"rendered":"<p><em>Hinweis: <\/em>Bei diesem Dokument handelt es sich lediglich um Empfehlungen, die aus dem DataWiz Projekt hervorgegangen sind. Es hat keine rechtliche Bindung und wurde unabh\u00e4ngig von der Deutschen Forschungsgemeinschaft basierend auf deren <a href=\"http:\/\/www.dfg.de\/foerderung\/antragstellung_begutachtung_entscheidung\/antragstellende\/antragstellung\/nachnutzung_forschungsdaten\/\" target=\"_blank\" rel=\"noopener\">Leitlinien zum Umgang mit Forschungsdaten<\/a> erstellt.<\/p>\n<p>Version: Draft 0.1\/July 2017<\/p>\n<p><em>Please cite as:<\/em> DataWiz (2017): \u201cBest Practice Guide\u201d zu den DFG-Leitlinien zum Umgang mit Forschungsdaten. Version Draft 0.1. Available: https:\/\/datawiz.zpid.de\/index.php\/tools-and-resources\/best-practice-guide-zu-den-dfg-leitlinien-zum-umgang-mit-forschungsdaten-german\/<\/p>\n<h3><strong>Empfehlungen<\/strong><\/h3>\n<p>Folgende \u00dcberlegungen sollten bei der Projektplanung und Antragstellung einflie\u00dfen und bei der Antragstellung in <i>Abschnitt 2.4 Umgang mit den im Projekt erzielten Forschungsdaten<\/i> festgehalten werden (siehe <a href=\"http:\/\/www.dfg.de\/formulare\/54_01\/54_01_de.pdf\" target=\"_blank\" rel=\"noopener\">Leitfaden f\u00fcr die Antragstellung<\/a>):<\/p>\n<p><strong>Welche Daten werden erzeugt\/ausgewertet?<\/strong><\/p>\n<ul>\n<li>Werden Daten selbst erhoben oder werden existierende Datenbest\u00e4nde nachgenutzt?<\/li>\n<li>Welche Datentypen werden erzeugt? Wie werden Daten erhoben? (z.B. Online-Erhebung, MRI Daten, EEG-Daten)<\/li>\n<\/ul>\n<p><strong>Welche fachspezifischen \u00dcberlegungen zur Qualit\u00e4tssicherung gibt es?<\/strong><\/p>\n<ul>\n<li>Befolgung disziplinspezifischer Standards, z.B.\n<ul>\n<li>Orientierung an den DGPs-Empfehlungen zum Umgang mit Forschungsdaten<\/li>\n<li>Vorliegen datenspezifischer Standards, die relevant sind (z.B. <a href=\"http:\/\/biorxiv.org\/content\/early\/2016\/07\/10\/054262\" target=\"_blank\" rel=\"noopener\">MRI<\/a>)<\/li>\n<li>Einhaltung von Open Science Praktiken wie die Pr\u00e4registrierung von Hypothesen (unter Angabe der Plattform z.B. OSF)<\/li>\n<\/ul>\n<\/li>\n<li>ggf. Verweis auf Werkzeuge\/Unterst\u00fctzungsangebote, die zur Umsetzung eines hochwertigen Datenmanagements genutzt werden\n<ul>\n<li>z.B. Einsatz des Assistenzsystems DataWiz zur fr\u00fchzeitigen Integration eines Best Practice Data Management<\/li>\n<li>R\u00fcckgriff auf Ressourcen oder Beratungsangebote zum Umgang mit Forschungsdaten z.B. PsychData, GESIS<\/li>\n<\/ul>\n<\/li>\n<\/ul>\n<p><strong>Welche Rechtlichen und Ethischen Aspekte sind zu beachten?<\/strong><\/p>\n<ul>\n<li>Werden personenbezogene Daten erfasst, verarbeitet? Fallen diese Daten unter besondere Arten personenbezogener Daten nach BDSG?\n<ul>\n<li>Beschreibung des Umgangs mit den besonderen Erfordernissen an das Forschungsdatenmanagement durch das Vorliegen personenbezogener Daten (z.B. lokal getrennte Speicherung von Kontaktdaten und Forschungsdaten)<\/li>\n<\/ul>\n<\/li>\n<li>Bei Neuerhebung von Daten:\n<ul>\n<li>Passus zur Bereitstellung der Forschungsdaten in Einwilligungserkl\u00e4rung aufnehmen<\/li>\n<li>ggf. Ethikvotum einholen (weitere Information hierzu im <a href=\"http:\/\/www.dfg.de\/foerderung\/faq\/geistes_sozialwissenschaften\/\" target=\"_blank\" rel=\"noopener\">FAQ<\/a> der DFG)\n<ul>\n<li>Ethikvotum dem Antrag beif\u00fcgen<\/li>\n<\/ul>\n<\/li>\n<\/ul>\n<\/li>\n<li>Vorliegen von Hinderungsgr\u00fcnden, die die Bereitstellung der Daten untersagen:\n<ul>\n<li>\u00dcbertragung ausschlie\u00dflicher Nutzungsrechte von Forschungsdaten an Verlage (betrifft z.B. Normierungsdatens\u00e4tze bei einer Entwicklung von Messinstrumenten)<\/li>\n<li>Bei einer Nachnutzung von Daten: Liegt eine Vereinbarung vor, die die Ver\u00f6ffentlichung der Daten untersagt?<\/li>\n<li>Personenbezug nicht entfernbar (genetische Daten, klinische Daten)\n<ul>\n<li>ggf. Pr\u00fcfen, ob Bereitstellung eines anonymisierten Teildatensatzes sinnvoll ist<\/li>\n<\/ul>\n<\/li>\n<\/ul>\n<\/li>\n<\/ul>\n<p><strong>Bereitstellung von Forschungsdaten (In welcher Weise k\u00f6nnen die Daten zur Verf\u00fcgung gestellt werden?)<\/strong><\/p>\n<ul>\n<li>Wenn Hinderungsgr\u00fcnde vorliegen (unter rechtlichen und ethischen Aspekten auszuf\u00fchren), wird die geplante Archivierung der Daten beschrieben:\n<ul>\n<li>Archivierung f\u00fcr mindestens 10 Jahre zusichern<\/li>\n<li>M\u00f6glichkeit der Nutzung institutioneller Infrastrukturen pr\u00fcfen und ggf. darauf hinweisen<\/li>\n<\/ul>\n<\/li>\n<li>Wenn keine Hinderungsgr\u00fcnde vorliegen, wird der Plan zur Bereitstellung der Daten in einem Repositorium beschreiben:\n<ul>\n<li>Zeitpunkt der Datenver\u00f6ffentlichung spezifizieren:\n<ul>\n<li>Gesamtdatensatz nach Projektende und\/oder jeweils einer Publikation zugeh\u00f6rige Daten (vgl. Bereitstellungsmodelle in den <a href=\"https:\/\/www.dgps.de\/fileadmin\/documents\/Empfehlungen\/Datenmanagement_deu_9.11.16.pdf\" target=\"_blank\" rel=\"noopener\">DGPs-Empfehlungen zum Umgang mit Forschungsdaten<\/a>)<\/li>\n<\/ul>\n<\/li>\n<li>Art der bereitgestellten Daten charakterisieren\n<ul>\n<li>z.B. Rohdaten, anonymisierte Daten, aggregierte Daten<\/li>\n<\/ul>\n<\/li>\n<li>Geeignetes Repositorium w\u00e4hlen und Wahl ggf. begr\u00fcnden\n<ul>\n<li>z.B. Disziplinspezifit\u00e4t, Erfordernisse der Daten, Einschr\u00e4nkung des Datenzugangs notwendig, Datenmenge<\/li>\n<li>z.B. Mit PsychData bietet das Leibniz-Zentrum f\u00fcr Psychologische Information und Dokumentation eine Plattform zur Bereitstellung psychologischer Forschungsdaten, die durch den Rat f\u00fcr Sozial- und Wirtschaftsdaten akkreditiert wurde. Das von PsychData verwendete Metadatenschema wird den besonderen fachspezifischen Anforderungen an die Dokumentation psychologischer Forschungsdaten gerecht.<\/li>\n<\/ul>\n<\/li>\n<li>Hinweis: <i>Kosten, die f\u00fcr die Aufbereitung der Daten zur Nachnutzung oder deren Bereitstellung anfallen, k\u00f6nnen mitbeantragt werden<\/i><\/li>\n<\/ul>\n<\/li>\n<\/ul>\n<h3><strong>Weitere Informationen<\/strong><\/h3>\n<p>Hartig, Katja; So\u00dfna, Volker: Forschungsdatenmanagement in DFG-Antr\u00e4gen : Was kann, was soll, was muss beschrieben werden? Ergebnisse des Workshops VI im Rahmen der Jahrestagung der Forschungs- und Technologiereferent\/innen 2016 am 18.\/19. Februar in Potsdam. &#8211; Hannover : Institutionelles Repositorium der Leibniz Universit\u00e4t Hannover, 2016. DOI:<a href=\"https:\/\/doi.org\/10.15488\/262\" target=\"_blank\" rel=\"noopener\"> https:\/\/doi.org\/10.15488\/262<\/a><\/p>\n","protected":false},"excerpt":{"rendered":"<p>Hinweis: Bei diesem Dokument handelt es sich lediglich um Empfehlungen, die aus dem DataWiz Projekt hervorgegangen sind. Es hat keine rechtliche Bindung und wurde unabh\u00e4ngig von der Deutschen Forschungsgemeinschaft basierend auf deren Leitlinien zum Umgang mit Forschungsdaten erstellt. Version: Draft 0.1\/July 2017 Please cite as: DataWiz (2017): \u201cBest Practice Guide\u201d zu den DFG-Leitlinien zum Umgang &#8230; <a title=\"\u201cBest Practice Guide\u201d zu den DFG-Leitlinien zum Umgang mit Forschungsdaten (German)\" class=\"read-more\" href=\"https:\/\/datawizkb.leibniz-psychology.org\/index.php\/tools-and-resources\/best-practice-guide-zu-den-dfg-leitlinien-zum-umgang-mit-forschungsdaten-german\/\" aria-label=\"More on \u201cBest Practice Guide\u201d zu den DFG-Leitlinien zum Umgang mit Forschungsdaten (German)\">Read more<\/a><\/p>\n","protected":false},"author":2,"featured_media":0,"parent":264,"menu_order":0,"comment_status":"closed","ping_status":"closed","template":"","meta":[],"_links":{"self":[{"href":"https:\/\/datawizkb.leibniz-psychology.org\/index.php\/wp-json\/wp\/v2\/pages\/1501"}],"collection":[{"href":"https:\/\/datawizkb.leibniz-psychology.org\/index.php\/wp-json\/wp\/v2\/pages"}],"about":[{"href":"https:\/\/datawizkb.leibniz-psychology.org\/index.php\/wp-json\/wp\/v2\/types\/page"}],"author":[{"embeddable":true,"href":"https:\/\/datawizkb.leibniz-psychology.org\/index.php\/wp-json\/wp\/v2\/users\/2"}],"replies":[{"embeddable":true,"href":"https:\/\/datawizkb.leibniz-psychology.org\/index.php\/wp-json\/wp\/v2\/comments?post=1501"}],"version-history":[{"count":6,"href":"https:\/\/datawizkb.leibniz-psychology.org\/index.php\/wp-json\/wp\/v2\/pages\/1501\/revisions"}],"predecessor-version":[{"id":1514,"href":"https:\/\/datawizkb.leibniz-psychology.org\/index.php\/wp-json\/wp\/v2\/pages\/1501\/revisions\/1514"}],"up":[{"embeddable":true,"href":"https:\/\/datawizkb.leibniz-psychology.org\/index.php\/wp-json\/wp\/v2\/pages\/264"}],"wp:attachment":[{"href":"https:\/\/datawizkb.leibniz-psychology.org\/index.php\/wp-json\/wp\/v2\/media?parent=1501"}],"curies":[{"name":"wp","href":"https:\/\/api.w.org\/{rel}","templated":true}]}}